 1 + -1. Let k be 61/9 + 6/27. Suppose -k + p = -y. What are the prime factors of y?
7
List the prime factors of (-4)/(-6) + 3409/21.
163
Suppose 4 = -k + 3*k. Suppose -k*i + 26 = 2*g, -2*i + 4*i + 4*g - 30 = 0. List the prime factors of i.
11
What are the prime factors of (-10)/15 + (-178)/(-6)?
29
Let c = 0 - 2. Let w be 1 - (c - -3)*-2. Suppose -5*t + w = -7. What are the prime factors of t?
2
Let v(o) = 21*o**2 + o - 10. List the prime factors of v(-3).
2, 11
Let k(y) = y**2 - 11*y - 5. Let i be k(11). Let r(l) = -l**2 - 5*l + 3. Let a be r(i). Suppose -b - a*w = 2*w - 4, 12 = 3*b + w. List the prime factors of b.
2
Let x be (-7)/(-21) - 5/(-3). Suppose 0 = -0*w + x*w. What are the prime factors of w + (6 - (-1)/1)?
7
Let o be (-7)/(-5) + 18/30. Suppose 5*b - 42 = o*b. List the prime factors of b.
2, 7
Let m be (-1 - 1) + 8 - 2. Suppose z - m*h = -3*h + 7, 31 = 3*z + 2*h. Suppose -22 = -0*w - 2*w - 2*s, w + 3*s - z = 0. What are the prime factors of w?
2, 3
Suppose 5*w + 4*n - 20 = 88, -3*n = 9. List the prime factors of 2/(w/9 - 2).
3
Suppose y + 0*y + 1 = 0. Let m(w) = 41*w**2 + 2*w + 1. Let u be m(y). Suppose 0*n + 2*n + 3*l - u = 0, -l = 2*n - 40. List the prime factors of n.
2, 5
Suppose -n - 19 = 4*v - 1, 2*v = -2*n - 6. Suppose 3*c - n - 46 = 0. What are the prime factors of c?
2
Suppose 5*l = 2*l + 12. Suppose g - 6*g - 9 = -2*h, -2*h - l*g = -36. List the prime factors of h.
2, 3
Suppose -2*b + 4*b = 0. Suppose -5*h + 3*p + 8 = 0, -8 + b = 3*h - 5*p. List the prime factors of h.
2
Let o(p) = -p**3 - 9*p**2 + 11*p + 12. Let l = -7 - 3. Let c be o(l). List the prime factors of c/(-8) - (-74)/8.
3
Let y(q) = 6*q - 21. List the prime factors of y(18).
3, 29
Suppose 119 = 3*f - 64. Suppose -3*j + 6*j - 2*p = f, 4*p - 30 = -2*j. What are the prime factors of j?
19
Suppose d + 5 = -4*d. Let l = d - -5. List the prime factors of l.
2
Let f(n) = -n**3 + 4*n. Let p = 13 + -7. Suppose -b - b - p = 0. What are the prime factors of f(b)?
3, 5
Let s = -114 + 227. What are the prime factors of s?
113
Suppose 0*w - 4*w = 0. Suppose 2*p - o - 8 = w, 3*o - 12 = -0. Let x = p + 3. What are the prime factors of x?
3
Let h = -2 + 103. What are the prime factors of h?
101
Let s(w) = -w**3 - w**2. Let n(g) = 5*g**3 - 2*g**2 + 6*g - 11. Let b(f) = -n(f) - 6*s(f). Let u be b(-9). Let o = -8 - u. What are the prime factors of o?
2
Let b(k) = -15*k**3 + k**2 + 2*k + 1. Suppose 7 = -4*h + 15. Let m = -3 + h. What are the prime factors of b(m)?
3, 5
Suppose u = -u - 2. Suppose 2*l + 5*t = 5, 3*l + 0*t = -5*t + 5. List the prime factors of 5/u*-3 + l.
3, 5
Let j(r) = -r**3 - 7*r**2 - 7*r - 2. Let h be j(-6). Suppose 4*n + 2*a = 6, n = h*n - 2*a - 22. Suppose -n*y - 15 = -7*y. List the prime factors of y.
5
Let i(x) = 18*x**3 + 1. Let m = -12 - -13. List the prime factors of i(m).
19
Let c = 5 - 2. Suppose -c*f + 15 = f + 3*m, f - m = 9. What are the prime factors of f?
2, 3
Let u = -4 + -3. Let p(q) be the second derivative of q**5/20 + q**4/2 - 3*q**3/2 - 4*q**2 - q. What are the prime factors of p(u)?
2, 3
Let s = 3 + 0. Suppose k = 5*r + 14, 0 = s*k - 5*k - 4*r + 84. Suppose g - k = -g. List the prime factors of g.
17
Let f be 8/(-44) + 24/11. Suppose 21 = f*k - 15. What are the prime factors of k?
2, 3
Let n = -4 + 8. Suppose n*c - 31 = 25. List the prime factors of c.
2, 7
Let t(o) = -6*o**3 - 4*o**2 - 5*o + 6. List the prime factors of t(-3).
3, 7
Let v(c) = 5 + 4*c - 3 + 2*c - 3*c. Let h be v(-6). What are the prime factors of (8/h)/(2/(-12))?
3
Let c = 39 + -19. Let y(a) = 3*a - 10. Let d be y(7). Let g = c - d. What are the prime factors of g?
3
Suppose 0 = p + 3*p - 12, -h + 2*p = 0. Let o = 0 + h. List the prime factors of o.
2, 3
Let p(g) = -g**2 + 15*g + 9. What are the prime factors of p(15)?
3
Let d(g) = g**2 - 3*g - 6. Let q be d(5). Let j(f) = -1 - 3 + q*f + 2. What are the prime factors of j(5)?
2, 3
Let n(f) = f**2 + f - 4. Let g be 8*1 - (-4 + 4). Suppose 4*y + 2*z = -y + 13, z = -3*y + g. List the prime factors of n(y).
2
Suppose 5*o - 131 = 1369. List the prime factors of o.
2, 3, 5
Let x be ((-50)/15)/(4/(-6)). Suppose -x - 1 = -d. What are the prime factors of d?
2, 3
Let x(c) = 2*c - 1. Let r be x(2). Let y = r - 5. List the prime factors of -12*(3/y)/3.
2, 3
Let k(y) = y**2 - 12*y - 22. List the prime factors of k(17).
3, 7
Suppose -3*h - 23 = 5*i - 0*h, 0 = 3*i + h + 13. Let l be (6/(-9))/(i/18). Suppose l*x - 2*j + 1 = 2*x, -4*j = -16. What are the prime factors of x?
7
Let y(j) be the second derivative of j**5/20 - 5*j**4/12 + 5*j**3/6 + j**2/2 + 3*j. Let v be y(4). Suppose n = v - 1. List the prime factors of n.
2
Let s(b) = -2*b + b + 7 + 3*b - 1. Let n be s(6). Suppose -a - a + 8 = -3*g, 0 = -a - 2*g + n. List the prime factors of a.
2, 5
Let d(c) = -2*c**3 + 2*c**2 + c. Let y be d(-2). What are the prime factors of (-2)/11 - (-48)/y?
2
Suppose -2*f + 3 + 11 = 0. Let l(o) = -o**3 + 8*o**2 - 4*o - 2. What are the prime factors of l(f)?
19
Let m(b) = -4*b + 9*b + 4*b**2 - 3*b**2 + 5. Let v be m(-5). List the prime factors of 10 + (-3 + v - 3).
3
Let m = -35 - -44. Let x(d) be the second derivative of d**4/12 - 3*d**3/2 + 3*d**2 + d. List the prime factors of x(m).
2, 3
Suppose 2*x = -x - 33. Let o = x + 20. Let j = 2 + o. What are the prime factors of j?
11
What are the prime factors of 24/4 + (-4)/(2 + 0)?
2
Let j = 4 - 6. Let v be 0 - (j/2 - -7). Let k = 1 - v. List the prime factors of k.
7
Let c(s) = -2*s**3 + s**2. Suppose -3*w + 5 = -8*w. What are the prime factors of c(w)?
3
Let t(g) = -g**3 + 7*g**2 - g - 8. Let j(h) = -h**2 + 13*h + 6. Let v be j(13). What are the prime factors of t(v)?
2, 11
Suppose -23 = 2*x - 155. List the prime factors of x.
2, 3, 11
Suppose h + 2 = -4. Let x be (2*22)/1 + 1. What are the prime factors of 8/(-10)*x/h?
2, 3
Suppose 2*a - 4*a = 0. Suppose 3*g + a*g - 9 = 0. Let z(b) = b**3 - 2*b**2 + 3*b + 1. What are the prime factors of z(g)?
19
Suppose -4*w + 3 + 9 = 0. Suppose -4*o - 4*x + 8 = 0, -w*x = o - 3 - 3. Suppose 0*p - 5*p = j - 16, o = -5*p + 5*j + 40. List the prime factors of p.
2
Suppose 35 = 2*p + 3*p. Suppose -3*o = 4*x - 6, -x + 2 = 5*o - 8. List the prime factors of p/2*4/o.
7
Let n = 18 + -11. Let k(c) = c**3 - 5*c**2 - 9*c + 4. List the prime factors of k(n).
3, 13
Let a(o) = 2*o - 2. What are the prime factors of a(9)?
2
Let f(m) = 2 - 4*m + m + 1. What are the prime factors of f(-3)?
2, 3
What are the prime factors of ((-3)/2)/(16/(-800))?
3, 5
Suppose 0 = y - 2*y - 5, 5*o - y - 590 = 0. List the prime factors of o.
3, 13
Suppose z + 7*z - 712 = 0. What are the prime factors of z?
89
Let s(c) = -c**3 + 5*c**2 - 2*c - 6. Let p be s(3). Let x(i) = i**3 - 5*i + 2. Let m be x(3). List the prime factors of (3/p)/(1/m).
7
Let k(h) = -3*h + h**3 - 6*h**2 - 8*h**3 + 4*h**2 - h**2. What are the prime factors of k(-2)?
2, 5
Let w(b) = -b - 2. Suppose d - 5 + 20 = 0. List the prime factors of w(d).
13
Let h = -33 + 90. What are the prime factors of h?
3, 19
Let o = -6 - -46. List the prime factors of o.
2, 5
Suppose 0*o - 5*o - 20 = 0. List the prime factors of ((-10)/(-15))/(o/(-54)).
3
Let x(u) = -u - 2. Let t be x(-3). List the prime factors of (-171)/(-12) - t/4.
2, 7
Let t = 49 + -24. What are the prime factors of t?
5
Suppose -2*k + 5*k - 27 = 0. List the prime factors of (-38)/(-6) - (-6)/k.
7
List the prime factors of (-6)/(-14) + 77760/252.
3, 103
Suppose 3*p = -p + 48. What are the prime factors of p*((-12)/(-9))/2?
2
Let y be 53 + 6/4*-2. Let x = -32 + y. What are the prime factors of x?
2, 3
Suppose -3*f + 10 = 4*s, 7*s - f = 2*s + 3. Let j = -5 + s. Let r(c) = c**3 + 4*c**2 - 5*c - 5. What are the prime factors of r(j)?
3, 5
Let p(u) = -u + 17. List the prime factors of p(-7).
2, 3
Let j(w) = 11*w**2 + 3*w + 9. What are the prime factors of j(-3)?
3, 11
What are the prime factors of -4 - 227*(-1)/1?
223
Let q(a) = -13*a - 6. What are the prime factors of q(-8)?
2, 7
Suppose 0 = x - 4*q - 3, 0 = 3*x + 5*q - 6 + 14. Let b be (x + -1)*(-5)/10. Suppose -2*c = f - 20, -5*f + b = c - 9. List the prime factors of c.
2, 5
What are the prime factors of 124/7 - 8/(-28)?
2, 3
List the prime factors of (-9)/(-27) + 28/6.
5
Let s(k) = -14*k - 4*k**2 + 12 + 5*k**2 + 2 - 2*k**2. What ar